{"id":1913,"date":"2019-09-17T04:21:59","date_gmt":"2019-09-17T04:21:59","guid":{"rendered":"http:\/\/vivacientifica.com.br\/sitex\/?page_id=1913"},"modified":"2021-09-29T12:40:22","modified_gmt":"2021-09-29T15:40:22","slug":"contato","status":"publish","type":"page","link":"https:\/\/vivacientifica.com.br\/sitex\/contato\/","title":{"rendered":"Contato"},"content":{"rendered":"<p>[vc_row full_width=&#8221;stretch_row&#8221; css=&#8221;.vc_custom_1632930021390{background-color: #060382 !important;}&#8221; el_class=&#8221;white-text-color vc-col-no-pt&#8221;][vc_column][g5element_space spacing=&#8221;132&#8243; spacing_md=&#8221;72&#8243;][\/vc_column][vc_column offset=&#8221;vc_col-lg-5 vc_col-md-6&#8243;][g5element_heading title=&#8221;Localiza\u00e7\u00e3o&#8221; subtitle=&#8221;INFORMA\u00c7\u00d5ES&#8221; title_typography=&#8221;%7B%22font_family%22%3A%22%22%2C%22font_weight%22%3A%22%22%2C%22font_style%22%3A%22%22%2C%22font_size_lg%22%3A%22%22%2C%22font_size_md%22%3A%22%22%2C%22font_size_sm%22%3A%22%22%2C%22font_size_xs%22%3A%22%22%2C%22align%22%3A%22%22%2C%22text_transform%22%3A%22%22%2C%22line_height%22%3A%22%22%2C%22letter_spacing%22%3A%22%22%2C%22color%22%3A%22%23ffffff%22%2C%22hover_color%22%3A%22%22%7D&#8221; subtitle_typography=&#8221;%7B%22font_family%22%3A%22%22%2C%22font_weight%22%3A%22%22%2C%22font_style%22%3A%22%22%2C%22font_size_lg%22%3A%22%22%2C%22font_size_md%22%3A%22%22%2C%22font_size_sm%22%3A%22%22%2C%22font_size_xs%22%3A%22%22%2C%22align%22%3A%22%22%2C%22text_transform%22%3A%22%22%2C%22line_height%22%3A%22%22%2C%22letter_spacing%22%3A%22%22%2C%22color%22%3A%22%23acacac%22%2C%22hover_color%22%3A%22%22%7D&#8221;][g5element_space spacing=&#8221;64&#8243; spacing_md=&#8221;44&#8243;][vc_column_text]<span style=\"font-size: 24px;\"><strong>Rua Rafael Vaz e Silva, 3026 &#8211; Liberdade, Porto Velho &#8211; RO<\/strong><\/span><br \/>\n<strong>CEP: 76803-870<\/strong><br \/>\n<strong>contato@vivacientifica.com.br<br \/>\n<a href=\"https:\/\/www.google.com\/search?q=viva+cientifica&amp;oq=viva+cientifica&amp;aqs=chrome..69i57j46i175i199i512j0i22i30l3j0i10i22i30j69i60l2.3071j0j4&amp;sourceid=chrome&amp;ie=UTF-8#\" data-dtype=\"d3ifr\" data-local-attribute=\"d3ph\" data-ved=\"2ahUKEwihuZauqdbyAhVWHLkGHfGJB6IQkAgoADAUegQIKRAD\">(69) 3302-0273<\/a><br \/>\n<\/strong>[\/vc_column_text][\/vc_column][vc_column offset=&#8221;vc_col-lg-offset-1 vc_col-lg-6 vc_col-md-6&#8243; el_class=&#8221;contact-space-30&#8243;][g5element_space spacing=&#8221;&#8221; spacing_md=&#8221;55&#8243;][g5element_heading title=&#8221;Entre em contato conosco&#8221; subtitle=&#8221;Entrar em contato&#8221; title_typography=&#8221;%7B%22font_family%22%3A%22%22%2C%22font_weight%22%3A%22%22%2C%22font_style%22%3A%22%22%2C%22font_size_lg%22%3A%22%22%2C%22font_size_md%22%3A%22%22%2C%22font_size_sm%22%3A%22%22%2C%22font_size_xs%22%3A%22%22%2C%22align%22%3A%22%22%2C%22text_transform%22%3A%22%22%2C%22line_height%22%3A%22%22%2C%22letter_spacing%22%3A%22%22%2C%22color%22%3A%22%23ffffff%22%2C%22hover_color%22%3A%22%22%7D&#8221; subtitle_typography=&#8221;%7B%22font_family%22%3A%22%22%2C%22font_weight%22%3A%22%22%2C%22font_style%22%3A%22%22%2C%22font_size_lg%22%3A%22%22%2C%22font_size_md%22%3A%22%22%2C%22font_size_sm%22%3A%22%22%2C%22font_size_xs%22%3A%22%22%2C%22align%22%3A%22%22%2C%22text_transform%22%3A%22%22%2C%22line_height%22%3A%22%22%2C%22letter_spacing%22%3A%22%22%2C%22color%22%3A%22%23acacac%22%2C%22hover_color%22%3A%22%22%7D&#8221;][g5element_space spacing=&#8221;56&#8243; spacing_md=&#8221;36&#8243;]<div role=\"form\" class=\"wpcf7\" id=\"wpcf7-f197-o1\" lang=\"en-US\" dir=\"ltr\">\n<div class=\"screen-reader-response\"><p role=\"status\" aria-live=\"polite\" aria-atomic=\"true\"><\/p> <ul><\/ul><\/div>\n<form action=\"\/sitex\/wp-json\/wp\/v2\/pages\/1913#wpcf7-f197-o1\" method=\"post\" class=\"wpcf7-form init\" novalidate=\"novalidate\" data-status=\"init\">\n<div style=\"display: none;\">\n<input type=\"hidden\" name=\"_wpcf7\" value=\"197\" \/>\n<input type=\"hidden\" name=\"_wpcf7_version\" value=\"5.4.2\" \/>\n<input type=\"hidden\" name=\"_wpcf7_locale\" value=\"en_US\" \/>\n<input type=\"hidden\" name=\"_wpcf7_unit_tag\" value=\"wpcf7-f197-o1\" \/>\n<input type=\"hidden\" name=\"_wpcf7_container_post\" value=\"0\" \/>\n<input type=\"hidden\" name=\"_wpcf7_posted_data_hash\" value=\"\" \/>\n<\/div>\n<div class=\"thetis-contact\">\n<div class=\"row\">\n<div class=\"item-contact col-12\">\n<span class=\"wpcf7-form-control-wrap menu-923\"><select name=\"menu-923\" class=\"wpcf7-form-control wpcf7-select wpcf7-validates-as-required\" aria-required=\"true\" aria-invalid=\"false\"><option value=\"Comercial\">Comercial<\/option><option value=\"Qualidade\">Qualidade<\/option><option value=\"Assessoria T\u00e9cnica e Cient\u00edfica\">Assessoria T\u00e9cnica e Cient\u00edfica<\/option><option value=\"Financeiro\">Financeiro<\/option><option value=\"Log\u00edstica\">Log\u00edstica<\/option><\/select><\/span>\n<\/div>\n<div class=\"item-contact phone-nuber col-sm-6 col-12\">\n<span class=\"wpcf7-form-control-wrap text-569\"><input type=\"text\" name=\"text-569\" value=\"\" size=\"40\" class=\"wpcf7-form-control wpcf7-text wpcf7-validates-as-required\" aria-required=\"true\" aria-invalid=\"false\" placeholder=\"Nome\" \/><\/span>\n<\/div>\n<div class=\"item-contact email col-sm-6 col-12\">\n<span class=\"wpcf7-form-control-wrap your-email\"><input type=\"email\" name=\"your-email\" value=\"\" size=\"40\" class=\"wpcf7-form-control wpcf7-text wpcf7-email wpcf7-validates-as-required wpcf7-validates-as-email\" aria-required=\"true\" aria-invalid=\"false\" placeholder=\"Email\" \/><\/span>\n<\/div>\n<\/div>\n<div class=\"row\">\n<div class=\"item-contact col-12\">\n<span class=\"wpcf7-form-control-wrap text-614\"><input type=\"text\" name=\"text-614\" value=\"\" size=\"40\" class=\"wpcf7-form-control wpcf7-text wpcf7-validates-as-required\" aria-required=\"true\" aria-invalid=\"false\" placeholder=\"Assunto\" \/><\/span>\n<\/div>\n<\/div>\n<div class=\"row\">\n<div class=\"item-contact col-12\">\n<span class=\"wpcf7-form-control-wrap textarea-991\"><textarea name=\"textarea-991\" cols=\"40\" rows=\"10\" class=\"wpcf7-form-control wpcf7-textarea\" aria-invalid=\"false\" placeholder=\"Menssagem\"><\/textarea><\/span>\n<\/div>\n<\/div>\n<div class=\"row\">\n<div class=\"item-contact submit col-12\">\n<input type=\"submit\" value=\"Enviar\" class=\"wpcf7-form-control wpcf7-submit btn btn-outline btn-white\" \/>\n<\/div>\n<\/div>\n<\/div>\n<div class=\"wpcf7-response-output\" aria-hidden=\"true\"><\/div><\/form><\/div>[\/vc_column][vc_column][g5element_space spacing=&#8221;130&#8243; spacing_md=&#8221;70&#8243;][\/vc_column][\/vc_row][vc_row full_width=&#8221;stretch_row_content_no_spaces&#8221; disable_element=&#8221;yes&#8221; el_class=&#8221;vc-col-no-pt&#8221;][vc_column][g5element_google_map map_height=&#8221;420&#8243; map_height_lg=&#8221;380&#8243; map_height_md=&#8221;600&#8243; map_height_sm=&#8221;330&#8243; map_height_xs=&#8221;500&#8243; zoom_mouse_wheel=&#8221;&#8221; marker_effect=&#8221;&#8221; values=&#8221;%5B%7B%22address%22%3A%22-8.748137%2C-63.891589%22%2C%22title%22%3A%22Viva%20Cient%C3%ADfica%22%2C%22description%22%3A%22Distribuidora%20de%20equipamentos%20de%20an%C3%A1lises%20cl%C3%ADnicas%20localizada%20na%20regi%C3%A3o%20Norte%22%2C%22image_marker%22%3A%2266%22%7D%5D&#8221;][\/vc_column][\/vc_row][vc_row][vc_column parallax=&#8221;content-moving&#8221;][vc_gmaps link=&#8221;#E-8_JTNDaWZyYW1lJTIwc3JjJTNEJTIyaHR0cHMlM0ElMkYlMkZ3d3cuZ29vZ2xlLmNvbSUyRm1hcHMlMkZlbWJlZCUzRnBiJTNEJTIxMW0xNCUyMTFtOCUyMTFtMyUyMTFkMTU3NzMuNjEwMzc4NDA1OTk2JTIxMmQtNjMuODkxNTg5JTIxM2QtOC43NDgxMzclMjEzbTIlMjExaTEwMjQlMjEyaTc2OCUyMTRmMTMuMSUyMTNtMyUyMTFtMiUyMTFzMHgwJTI1M0EweDcwYjFhMTAyZjkxYzIzNzMlMjEyc1ZpdmElMjUyMENpZW50JTI1QzMlMjVBRGZpY2ElMjE1ZTAlMjEzbTIlMjExc3B0LUJSJTIxMnNiciUyMTR2MTYzMDI0NDU5ODM1MSUyMTVtMiUyMTFzcHQtQlIlMjEyc2JyJTIyJTIwd2lkdGglM0QlMjIxMDAlMjUlMjIlMjBoZWlnaHQlM0QlMjI0NTAlMjIlMjBzdHlsZSUzRCUyMmJvcmRlciUzQTAlM0IlMjIlMjBhbGxvd2Z1bGxzY3JlZW4lM0QlMjIlMjIlMjBsb2FkaW5nJTNEJTIybGF6eSUyMiUzRSUzQyUyRmlmcmFtZSUzRQ==&#8221; size=&#8221;420&#8243;][\/vc_column][\/vc_row]<\/p>\n","protected":false},"excerpt":{"rendered":"<p>[vc_row full_width=&#8221;stretch_row&#8221; css=&#8221;.vc_custom_1632930021390{background-color: #060382 !important;}&#8221; el_class=&#8221;white-text-color vc-col-no-pt&#8221;][vc_column][g5element_space spacing=&#8221;132&#8243; spacing_md=&#8221;72&#8243;][\/vc_column][vc_column offset=&#8221;vc_col-lg-5 vc_col-md-6&#8243;][g5element_heading title=&#8221;Localiza\u00e7\u00e3o&#8221; subtitle=&#8221;INFORMA\u00c7\u00d5ES&#8221; title_typography=&#8221;%7B%22font_family%22%3A%22%22%2C%22font_weight%22%3A%22%22%2C%22font_style%22%3A%22%22%2C%22font_size_lg%22%3A%22%22%2C%22font_size_md%22%3A%22%22%2C%22font_size_sm%22%3A%22%22%2C%22font_size_xs%22%3A%22%22%2C%22align%22%3A%22%22%2C%22text_transform%22%3A%22%22%2C%22line_height%22%3A%22%22%2C%22letter_spacing%22%3A%22%22%2C%22color%22%3A%22%23ffffff%22%2C%22hover_color%22%3A%22%22%7D&#8221; subtitle_typography=&#8221;%7B%22font_family%22%3A%22%22%2C%22font_weight%22%3A%22%22%2C%22font_style%22%3A%22%22%2C%22font_size_lg%22%3A%22%22%2C%22font_size_md%22%3A%22%22%2C%22font_size_sm%22%3A%22%22%2C%22font_size_xs%22%3A%22%22%2C%22align%22%3A%22%22%2C%22text_transform%22%3A%22%22%2C%22line_height%22%3A%22%22%2C%22letter_spacing%22%3A%22%22%2C%22color%22%3A%22%23acacac%22%2C%22hover_color%22%3A%22%22%7D&#8221;][g5element_space spacing=&#8221;64&#8243; spacing_md=&#8221;44&#8243;][vc_column_text]Rua Rafael Vaz e Silva, 3026 &#8211; Liberdade, Porto Velho &#8211; RO CEP: 76803-870 contato@vivacientifica.com.br (69) 3302-0273 [\/vc_column_text][\/vc_column][vc_column offset=&#8221;vc_col-lg-offset-1 vc_col-lg-6 vc_col-md-6&#8243; el_class=&#8221;contact-space-30&#8243;][g5element_space spacing=&#8221;&#8221; spacing_md=&#8221;55&#8243;][g5element_heading title=&#8221;Entre em contato conosco&#8221; subtitle=&#8221;Entrar em contato&#8221; title_typography=&#8221;%7B%22font_family%22%3A%22%22%2C%22font_weight%22%3A%22%22%2C%22font_style%22%3A%22%22%2C%22font_size_lg%22%3A%22%22%2C%22font_size_md%22%3A%22%22%2C%22font_size_sm%22%3A%22%22%2C%22font_size_xs%22%3A%22%22%2C%22align%22%3A%22%22%2C%22text_transform%22%3A%22%22%2C%22line_height%22%3A%22%22%2C%22letter_spacing%22%3A%22%22%2C%22color%22%3A%22%23ffffff%22%2C%22hover_color%22%3A%22%22%7D&#8221; subtitle_typography=&#8221;%7B%22font_family%22%3A%22%22%2C%22font_weight%22%3A%22%22%2C%22font_style%22%3A%22%22%2C%22font_size_lg%22%3A%22%22%2C%22font_size_md%22%3A%22%22%2C%22font_size_sm%22%3A%22%22%2C%22font_size_xs%22%3A%22%22%2C%22align%22%3A%22%22%2C%22text_transform%22%3A%22%22%2C%22line_height%22%3A%22%22%2C%22letter_spacing%22%3A%22%22%2C%22color%22%3A%22%23acacac%22%2C%22hover_color%22%3A%22%22%7D&#8221;][g5element_space spacing=&#8221;56&#8243; spacing_md=&#8221;36&#8243;][\/vc_column][vc_column][g5element_space spacing=&#8221;130&#8243; spacing_md=&#8221;70&#8243;][\/vc_column][\/vc_row][vc_row full_width=&#8221;stretch_row_content_no_spaces&#8221; disable_element=&#8221;yes&#8221; [&hellip;]<\/p>\n","protected":false},"author":1,"featured_media":0,"parent":0,"menu_order":0,"comment_status":"closed","ping_status":"closed","template":"","meta":{"footnotes":""},"class_list":["post-1913","page","type-page","status-publish","hentry"],"_links":{"self":[{"href":"https:\/\/vivacientifica.com.br\/sitex\/wp-json\/wp\/v2\/pages\/1913","targetHints":{"allow":["GET"]}}],"collection":[{"href":"https:\/\/vivacientifica.com.br\/sitex\/wp-json\/wp\/v2\/pages"}],"about":[{"href":"https:\/\/vivacientifica.com.br\/sitex\/wp-json\/wp\/v2\/types\/page"}],"author":[{"embeddable":true,"href":"https:\/\/vivacientifica.com.br\/sitex\/wp-json\/wp\/v2\/users\/1"}],"replies":[{"embeddable":true,"href":"https:\/\/vivacientifica.com.br\/sitex\/wp-json\/wp\/v2\/comments?post=1913"}],"version-history":[{"count":12,"href":"https:\/\/vivacientifica.com.br\/sitex\/wp-json\/wp\/v2\/pages\/1913\/revisions"}],"predecessor-version":[{"id":3405,"href":"https:\/\/vivacientifica.com.br\/sitex\/wp-json\/wp\/v2\/pages\/1913\/revisions\/3405"}],"wp:attachment":[{"href":"https:\/\/vivacientifica.com.br\/sitex\/wp-json\/wp\/v2\/media?parent=1913"}],"curies":[{"name":"wp","href":"https:\/\/api.w.org\/{rel}","templated":true}]}}